7159 a composite number?
False
Is 2633 composite?
False
Is 159778 a composite number?
True
Is 211027 prime?
False
Is 29201 a prime number?
True
Is 4201 composite?
False
Is 17657 a prime number?
True
Is 16487 a prime number?
True
Is 34973 prime?
False
Is 541 composite?
False
Is 22147 prime?
True
Is 5269 prime?
False
Is 3272453 composite?
True
Is 22807 composite?
False
Is 178877 a composite number?
False
Is 32477 prime?
False
Is 84577 a prime number?
False
Is 47723 prime?
False
Is 2732797 prime?
True
Is 318737 prime?
True
Is 169217 a prime number?
True
Is 588769 a composite number?
True
Is 198929 prime?
True
Is 20717 a composite number?
False
Is 4507 a prime number?
True
Is 12247 a prime number?
False
Is 221 a prime number?
False
Is 154571 prime?
True
Is 31397 composite?
False
Is 12611 a prime number?
True
Is 12941 a composite number?
False
Is 127994 prime?
False
Is 21103 prime?
False
Is 1712605 prime?
False
Is 8923 a prime number?
True
Is 191413 composite?
False
Is 29101 composite?
False
Is 32847 prime?
False
Is 2413 composite?
True
Is 38719 a prime number?
False
Is 8465 prime?
False
Is 636923 a prime number?
False
Is 1382 composite?
True
Is 1355 a prime number?
False
Is 2811 a composite number?
True
Is 1437 a composite number?
True
Is 389659 composite?
False
Is 669 prime?
False
Is 61898 a composite number?
True
Is 6971 a prime number?
True
Is 97015 prime?
False
Is 1860301 prime?
True
Is 77951 a prime number?
True
Is 15681 composite?
True
Is 320627 a prime number?
True
Is 106853 a composite number?
False
Is 2704101 a composite number?
True
Is 1005959 a composite number?
False
Is 667789 prime?
False
Is 25013 a prime number?
True
Is 210719 composite?
False
Is 1546291 prime?
True
Is 1249477 prime?
True
Is 556649 composite?
True
Is 3587 a composite number?
True
Is 199553 a prime number?
False
Is 583 prime?
False
Is 9111 prime?
False
Is 14923 prime?
True
Is 4511 prime?
False
Is 31765 composite?
True
Is 49373 a prime number?
False
Is 167509 composite?
True
Is 1021907 prime?
True
Is 7187 prime?
True
Is 30289 a composite number?
True
Is 4946 prime?
False
Is 1535 composite?
True
Is 15937 a prime number?
True
Is 18587 prime?
True
Is 3137 composite?
False
Is 12697 a composite number?
False
Is 95591 prime?
False
Is 209579 a composite number?
False
Is 20569 a prime number?
False
Is 562 composite?
True
Is 50821 composite?
False
Is 457465 composite?
True
Is 911 a composite number?
False
Is 1531231 a composite number?
True
Is 3974 a composite number?
True
Is 36251 a composite number?
False
Is 7039 prime?
True
Is 1002113 prime?
False
Is 69257 a prime number?
True
Is 26177 prime?
True
Is 182159 prime?
True
Is 72515 composite?
True
Is 398527 prime?
False
Is 43073 prime?
False
Is 50287 prime?
True
Is 6109 composite?
True
Is 878 prime?
False
Is 25459 a prime number?
False
Is 60251 composite?
False
Is 5993 prime?
False
Is 10151 a composite number?
False
Is 587193 prime?
False
Is 37123 prime?
True
Is 19037 composite?
False
Is 6469 prime?
True
Is 2521 composite?
False
Is 675557 a composite number?
True
Is 420523 a prime number?
False
Is 24589 prime?
False
Is 1561 a prime number?
False
Is 1967 a composite number?
True
Is 5953 composite?
False
Is 13381 composite?
False
Is 17257 a composite number?
False
Is 1050367 prime?
True
Is 6229 prime?
True
Is 277051 prime?
True
Is 368021 prime?
True
Is 84817 a prime number?
False
Is 10135 a composite number?
True
Is 2371 prime?
True
Is 154667 composite?
False
Is 4091 a composite number?
False
Is 615377 a composite number?
True
Is 295033 prime?
True
Is 280759 a prime number?
True
Is 61141 a prime number?
True
Is 584245 a prime number?
False
Is 178481 a prime number?
True
Is 9587 prime?
True
Is 2559683 a prime number?
False
Is 1567 a composite number?
False
Is 1774117 prime?
True
Is 1125793 a prime number?
True
Is 496763 prime?
True
Is 134413 composite?
True
Is 10651 a prime number?
True
Is 1931921 composite?
False
Is 1728451 a composite number?
False
Is 91603 composite?
True
Is 3314 prime?
False
Is 22094 a composite number?
True
Is 127787 a composite number?
True
Is 12821 prime?
True
Is 296791 a prime number?
False
Is 6131 composite?
False
Is 72166 prime?
False
Is 1781009 composite?
False
Is 309403 prime?
True
Is 48371 a prime number?
True
Is 2859 prime?
False
Is 135011 a composite number?
True
Is 22229 composite?
False
Is 18979 prime?
True
Is 25667 a prime number?
True
Is 6997 a composite number?
False
Is 37291 composite?
True
Is 302114 composite?
True
Is 523579 a prime number?
False
Is 66737 prime?
False
Is 26929 a prime number?
False
Is 73037 a composite number?
False
Is 1115 a composite number?
True
Is 882289 a composite number?
False
Is 769 prime?
True
Is 84679 a prime number?
False
Is 4121 a prime number?
False
Is 29717 composite?
False
Is 129823 composite?
True
Is 18607 a prime number?
False
Is 66545 composite?
True
Is 97781 a composite number?
True
Is 1101 composite?
True
Is 96711 composite?
True
Is 107239 prime?
False
Is 8903 composite?
True
Is 127807 prime?
True
Is 157411 prime?
True
Is 36833 a composite number?
False
Is 71513 a prime number?
False
Is 5847 prime?
False
Is 122299 prime?
True
Is 10061 composite?
False
Is 133511 a composite number?
True
Is 29717 a prime number?
True
Is 367699 composite?
False
Is 10559 composite?
False
Is 10771 composite?
False
Is 14971 prime?
False
Is 232061 a prime number?
False
Is 619793 a prime number?
True
Is 648145 prime?
False
Is 108863 prime?
True
Is 412063 prime?
False
Is 1041 prime?
False
Is 2929 a prime number?
False
Is 16603 a prime number?
True
Is 74071 a composite number?
False
Is 1831 composite?
False
Is 358 prime?
False
Is 223 composite?
False
Is 707357 a prime number?
False
Is 17126 a prime number?
False
Is 23614 composite?
True
Is 171233 composite?
False
Is 36749 prime?
True
Is 1347707 prime?
True
Is 3647 a prime number?
False
Is 9467 composite?
False
Is 352511 composite?
False
Is 25523 a composite number?
False
Is 2579 a prime number?
True
Is 128129 a prime number?
False
Is 489037 prime?
False
Is 38866 a prime number?
False
Is 23509 composite?
False
Is 12745 composite?
True
Is 672493 prime?
True
Is 1097099 a prime number?
False
Is 416657 composite?
True
Is 3163 composite?
False
Is 55429 a composite number?
True
Is 13537 a composite number?
False
Is 1341519 composite?
True
Is 108943 a composite number?
False
Is 54781 a prime number?
False
Is 781 a prime number?
False
Is 293 composite?
False
Is 501437 a prime number?
False
Is 18143 prime?
True
Is 41339 prime?
False
Is 20671 composite?
True
Is 3271 a prime number?
True
Is 107143 prime?
False
Is 623 a prime number?
False
Is 91541 prime?
True
Is 23719 prime?
True
Is 40249 composite?
True
Is 127885 a composite number?
True
Is 203039 a prime number?
True
Is 2752213 prime?
False
Is 487307 composite?
False
Is 15971 composite?
False
Is 5567 prime?
False
Is 34285 composite?
True
Is 302111 a prime number?
True
Is 11549 a prime number?
True
Is 91633 prime?
False
Is 26 prime?
False
Is 12473 a prime number?
True
Is 395021 composite?
True
Is 748727 prime?
False
Is 15727 a prime number?
True
Is 157411 prime?
True
Is 80683 prime?
True
Is 23038 a prime number?
False
Is 1759 a prime number?
True
Is 122011 a composite number?
False
Is 67027 a composite number?
True
Is 96389 prime?
False
Is 989 prime?
False
Is 4198 composite?
True
Is 359731 prime?
True
Is 16355 a composite number?
True
Is 31469 a composite number?
False
Is 5987 prime?
True
Is 45931 composite?
True
Is 28603 a composite number?
False
Is 158827 a prime number?
False
Is 9865 a prime number?
False
Is 1073461 prime?
True
Is 8093 composite?
False
Is 18119 prime?
True
Is 517 a prime number?
False
Is 46581 composite?
True
Is 63287 a prime number?
False
Is 9505 prime?
False
Is 2581 prime?
False
Is 16859 a composite number?
True
Is 11437 prime?
True
Is 2018969 prime?
False
Is 307 prime?
True
Is 17039 a composite number?
True
Is 305603 a composite number?
False
Is 973081 a composite number?
False
Is 1011 a prime number?
False
Is 234431 a composite number?
False
Is 1249187 a composite number?
False
Is 127051 prime?
True
Is 17783 composite?
False
Is 546937 a prime number?
True
Is 6947 a composite number?
False
Is 7593 composite?
True
Is 451 a prime number?
False
Is 31238 a prime number?
